{"id":192,"date":"2025-08-23T01:54:12","date_gmt":"2025-08-22T22:54:12","guid":{"rendered":"https:\/\/www.ecemticaret.com\/?page_id=192"},"modified":"2025-08-23T01:55:11","modified_gmt":"2025-08-22T22:55:11","slug":"online-basvuru","status":"publish","type":"page","link":"https:\/\/www.ecemticaret.com\/pasifiktelekom\/online-basvuru\/","title":{"rendered":"Online Ba\u015fvuru"},"content":{"rendered":"\t\t<div data-elementor-type=\"wp-page\" data-elementor-id=\"192\" class=\"elementor elementor-192\" data-elementor-post-type=\"page\">\n\t\t\t\t<div class=\"elementor-element elementor-element-e6ece7b e-flex e-con-boxed e-con e-parent\" data-id=\"e6ece7b\" data-element_type=\"container\" data-e-type=\"container\">\n\t\t\t\t\t<div class=\"e-con-inner\">\n\t\t\t\t<div class=\"elementor-element elementor-element-a4e38b1 elementor-widget elementor-widget-heading\" data-id=\"a4e38b1\" data-element_type=\"widget\" data-e-type=\"widget\" data-widget_type=\"heading.default\">\n\t\t\t\t\t<h1 class=\"elementor-heading-title elementor-size-default\">Online Ba\u015fvuru<\/h1>\t\t\t\t<\/div>\n\t\t\t\t\t<\/div>\n\t\t\t\t<\/div>\n\t\t<div class=\"elementor-element elementor-element-9bedb66 e-flex e-con-boxed e-con e-parent\" data-id=\"9bedb66\" data-element_type=\"container\" data-e-type=\"container\">\n\t\t\t\t\t<div class=\"e-con-inner\">\n\t\t\t\t<div class=\"elementor-element elementor-element-51f51b0 elementor-widget elementor-widget-shortcode\" data-id=\"51f51b0\" data-element_type=\"widget\" data-e-type=\"widget\" data-widget_type=\"shortcode.default\">\n\t\t\t\t\t\t\t<div class=\"elementor-shortcode\"><style id=\"wpforms-css-vars-86\">\n\t\t\t\t#wpforms-86 {\n\t\t\t\t--wpforms-field-border-radius: 7px;\n--wpforms-field-background-color: #f7f7f7;\n--wpforms-field-border-color: rgba(0, 0, 0, 0.25);\n--wpforms-field-border-color-spare: rgba(0, 0, 0, 0.25);\n--wpforms-field-text-color: rgba(0, 0, 0, 0.7);\n--wpforms-label-color: #ffffff;\n--wpforms-label-sublabel-color: #ffffff;\n--wpforms-container-padding: 0px;\n--wpforms-container-border-width: 1px;\n--wpforms-container-border-radius: 3px;\n--wpforms-background-color: rgba(0, 0, 0, 0);\n--wpforms-field-size-input-height: 43px;\n--wpforms-field-size-input-spacing: 15px;\n--wpforms-field-size-font-size: 16px;\n--wpforms-field-size-line-height: 19px;\n--wpforms-field-size-padding-h: 14px;\n--wpforms-field-size-checkbox-size: 16px;\n--wpforms-field-size-sublabel-spacing: 5px;\n--wpforms-field-size-icon-size: 1;\n--wpforms-label-size-font-size: 18px;\n--wpforms-label-size-line-height: 21px;\n--wpforms-label-size-sublabel-font-size: 16px;\n--wpforms-label-size-sublabel-line-height: 19px;\n--wpforms-button-size-font-size: 17px;\n--wpforms-button-size-height: 41px;\n--wpforms-button-size-padding-h: 15px;\n--wpforms-button-size-margin-top: 10px;\n--wpforms-container-shadow-size-box-shadow: none;\n\t\t\t}\n\t\t\t<\/style><div class=\"wpforms-container wpforms-container-full wpforms-render-modern\" id=\"wpforms-86\"><form id=\"wpforms-form-86\" class=\"wpforms-validate wpforms-form wpforms-ajax-form\" data-formid=\"86\" method=\"post\" enctype=\"multipart\/form-data\" action=\"\/pasifiktelekom\/wp-json\/wp\/v2\/pages\/192\" data-token=\"547a52b1caefa2550f53cb474335c76c\" data-token-time=\"1776536226\"><noscript class=\"wpforms-error-noscript\">Bu formu bitirebilmek i\u00e7in taray\u0131c\u0131n\u0131zda JavaScript&#039;i etkinle\u015ftirin.<\/noscript><div id=\"wpforms-error-noscript\" style=\"display: none;\">Bu formu bitirebilmek i\u00e7in taray\u0131c\u0131n\u0131zda JavaScript&#039;i etkinle\u015ftirin.<\/div><div class=\"wpforms-field-container\"><div id=\"wpforms-86-field_1-container\" class=\"wpforms-field wpforms-field-text\" data-field-id=\"1\"><label class=\"wpforms-field-label\" for=\"wpforms-86-field_1\">Ad\u0131n\u0131z ve Soyad\u0131n\u0131z : <span class=\"wpforms-required-label\" aria-hidden=\"true\">*<\/span><\/label><input type=\"text\" id=\"wpforms-86-field_1\" class=\"wpforms-field-large wpforms-field-required\" name=\"wpforms[fields][1]\" placeholder=\"Ad\u0131n\u0131z\u0131 giriniz\" aria-errormessage=\"wpforms-86-field_1-error\" required><\/div><div id=\"wpforms-86-field_3-container\" class=\"wpforms-field wpforms-field-number\" data-field-id=\"3\"><label class=\"wpforms-field-label\" for=\"wpforms-86-field_3\">Telefon Numaran\u0131z : <span class=\"wpforms-required-label\" aria-hidden=\"true\">*<\/span><\/label><input type=\"number\" id=\"wpforms-86-field_3\" class=\"wpforms-field-large wpforms-field-required\" name=\"wpforms[fields][3]\" placeholder=\"10 haneli telefon numaran\u0131z\u0131 giriniz\" step=\"any\" aria-errormessage=\"wpforms-86-field_3-error\" required><\/div>\t\t<div id=\"wpforms-86-field_2-container\"\n\t\t\tclass=\"wpforms-field wpforms-field-text\"\n\t\t\tdata-field-type=\"text\"\n\t\t\tdata-field-id=\"2\"\n\t\t\t>\n\t\t\t<label class=\"wpforms-field-label\" for=\"wpforms-86-field_2\" >Numaran\u0131z : Say\u0131n<\/label>\n\t\t\t<input type=\"text\" id=\"wpforms-86-field_2\" class=\"wpforms-field-medium\" name=\"wpforms[fields][2]\" >\n\t\t<\/div>\n\t\t<div id=\"wpforms-86-field_4-container\" class=\"wpforms-field wpforms-field-checkbox\" data-field-id=\"4\"><fieldset><legend class=\"wpforms-field-label\">Hangi Paketi Say\u0131n Almak \u0130stiyorsunuz ?<\/legend><ul id=\"wpforms-86-field_4\"><li class=\"choice-1 depth-1\"><input type=\"checkbox\" id=\"wpforms-86-field_4_1\" name=\"wpforms[fields][4][]\" value=\"(Limitsiz-Taahh\u00fctl\u00fc) 24 Mbps | 590 \u20ba\" aria-errormessage=\"wpforms-86-field_4_1-error\"  ><label class=\"wpforms-field-label-inline\" for=\"wpforms-86-field_4_1\">(Limitsiz-Taahh\u00fctl\u00fc) 24 Mbps | 590 \u20ba<\/label><\/li><li class=\"choice-2 depth-1\"><input type=\"checkbox\" id=\"wpforms-86-field_4_2\" name=\"wpforms[fields][4][]\" value=\"(Limitsiz-Taahh\u00fctl\u00fc) 35 Mbps | 620 \u20ba\" aria-errormessage=\"wpforms-86-field_4_2-error\"  ><label class=\"wpforms-field-label-inline\" for=\"wpforms-86-field_4_2\">(Limitsiz-Taahh\u00fctl\u00fc) 35 Mbps | 620 \u20ba<\/label><\/li><li class=\"choice-3 depth-1\"><input type=\"checkbox\" id=\"wpforms-86-field_4_3\" name=\"wpforms[fields][4][]\" value=\"(Limitsiz-Taahh\u00fctl\u00fc) 50 Mbps | 630 \u20ba\" aria-errormessage=\"wpforms-86-field_4_3-error\"  ><label class=\"wpforms-field-label-inline\" for=\"wpforms-86-field_4_3\">(Limitsiz-Taahh\u00fctl\u00fc) 50 Mbps | 630 \u20ba<\/label><\/li><li class=\"choice-4 depth-1\"><input type=\"checkbox\" id=\"wpforms-86-field_4_4\" name=\"wpforms[fields][4][]\" value=\"(Limitsiz-Taahh\u00fctl\u00fc) 100 Mbps | 660 \u20ba\" aria-errormessage=\"wpforms-86-field_4_4-error\"  ><label class=\"wpforms-field-label-inline\" for=\"wpforms-86-field_4_4\">(Limitsiz-Taahh\u00fctl\u00fc) 100 Mbps | 660 \u20ba<\/label><\/li><li class=\"choice-5 depth-1\"><input type=\"checkbox\" id=\"wpforms-86-field_4_5\" name=\"wpforms[fields][4][]\" value=\"Bilgi almak istiyorum\" aria-errormessage=\"wpforms-86-field_4_5-error\"  ><label class=\"wpforms-field-label-inline\" for=\"wpforms-86-field_4_5\">Bilgi almak istiyorum<\/label><\/li><\/ul><\/fieldset><\/div><script>\n\t\t\t\t( function() {\n\t\t\t\t\tconst style = document.createElement( 'style' );\n\t\t\t\t\tstyle.appendChild( document.createTextNode( '#wpforms-86-field_2-container { position: absolute !important; overflow: hidden !important; display: inline !important; height: 1px !important; width: 1px !important; z-index: -1000 !important; padding: 0 !important; } #wpforms-86-field_2-container input { visibility: hidden; } #wpforms-conversational-form-page #wpforms-86-field_2-container label { counter-increment: none; }' ) );\n\t\t\t\t\tdocument.head.appendChild( style );\n\t\t\t\t\tdocument.currentScript?.remove();\n\t\t\t\t} )();\n\t\t\t<\/script><\/div><!-- .wpforms-field-container --><div class=\"wpforms-submit-container\" ><input type=\"hidden\" name=\"wpforms[id]\" value=\"86\"><input type=\"hidden\" name=\"page_title\" value=\"\"><input type=\"hidden\" name=\"page_url\" value=\"https:\/\/www.ecemticaret.com\/pasifiktelekom\/wp-json\/wp\/v2\/pages\/192\"><input type=\"hidden\" name=\"url_referer\" value=\"\"><button type=\"submit\" name=\"wpforms[submit]\" id=\"wpforms-submit-86\" class=\"wpforms-submit\" data-alt-text=\"G\u00f6nderiliyor...\" data-submit-text=\"BA\u015eVURU \u0130LET\" aria-live=\"assertive\" value=\"wpforms-submit\">BA\u015eVURU \u0130LET<\/button><img decoding=\"async\" src=\"https:\/\/www.ecemticaret.com\/pasifiktelekom\/wp-content\/plugins\/wpforms-lite\/assets\/images\/submit-spin.svg\" class=\"wpforms-submit-spinner\" style=\"display: none;\" width=\"26\" height=\"26\" alt=\"Y\u00fckleniyor\"><\/div><\/form><\/div>  <!-- .wpforms-container --><\/div>\n\t\t\t\t\t\t<\/div>\n\t\t\t\t\t<\/div>\n\t\t\t\t<\/div>\n\t\t\t\t<\/div>\n\t\t","protected":false},"excerpt":{"rendered":"<p>Online Ba\u015fvuru<\/p>\n","protected":false},"author":1,"featured_media":0,"parent":0,"menu_order":0,"comment_status":"closed","ping_status":"closed","template":"","meta":{"footnotes":""},"class_list":["post-192","page","type-page","status-publish","hentry"],"_links":{"self":[{"href":"https:\/\/www.ecemticaret.com\/pasifiktelekom\/wp-json\/wp\/v2\/pages\/192","targetHints":{"allow":["GET"]}}],"collection":[{"href":"https:\/\/www.ecemticaret.com\/pasifiktelekom\/wp-json\/wp\/v2\/pages"}],"about":[{"href":"https:\/\/www.ecemticaret.com\/pasifiktelekom\/wp-json\/wp\/v2\/types\/page"}],"author":[{"embeddable":true,"href":"https:\/\/www.ecemticaret.com\/pasifiktelekom\/wp-json\/wp\/v2\/users\/1"}],"replies":[{"embeddable":true,"href":"https:\/\/www.ecemticaret.com\/pasifiktelekom\/wp-json\/wp\/v2\/comments?post=192"}],"version-history":[{"count":4,"href":"https:\/\/www.ecemticaret.com\/pasifiktelekom\/wp-json\/wp\/v2\/pages\/192\/revisions"}],"predecessor-version":[{"id":196,"href":"https:\/\/www.ecemticaret.com\/pasifiktelekom\/wp-json\/wp\/v2\/pages\/192\/revisions\/196"}],"wp:attachment":[{"href":"https:\/\/www.ecemticaret.com\/pasifiktelekom\/wp-json\/wp\/v2\/media?parent=192"}],"curies":[{"name":"wp","href":"https:\/\/api.w.org\/{rel}","templated":true}]}}